{"id":474,"date":"2024-09-13T07:31:49","date_gmt":"2024-09-13T07:31:49","guid":{"rendered":"https:\/\/gcfleadership.org\/?page_id=474"},"modified":"2025-12-17T16:28:29","modified_gmt":"2025-12-17T16:28:29","slug":"timetable","status":"publish","type":"page","link":"https:\/\/gcfleadership.org\/fr\/sri-lanka-2025\/timetable\/","title":{"rendered":"Calendrier"},"content":{"rendered":"<h1>\n\t\t\tCalendrier\t<\/h1>\n\t\t\t\t\t\t\t<h2>15 janvier 2025<\/h2>\n\t\t\t\t\t\t\t<p>Les candidatures sont ouvertes pour l&#039;exp\u00e9rience de leadership du GCF 2025 au Sri Lanka.<\/p>\t\t\t\t\t\t\t\t\t\t\t\t\t\n\t\t\t\t\t\t\t<h2>31 mars 2025<\/h2>\n\t\t\t\t\t\t\t<p>Cl\u00f4ture des candidatures. Tous les candidats seront inform\u00e9s de leur s\u00e9lection et des informations compl\u00e9mentaires sur l&#039;Exp\u00e9rience Leadership leur seront envoy\u00e9es. Un acompte non remboursable de $500 est d\u00fb avant le 1er juillet 2025.<\/p>\t\t\t\t\t\t\t\t\t\t\t\t\t\n\t\t\t\t\t\t\t<h2>30 avril 2025<\/h2>\n\t\t\t\t\t\t\t<p>D\u00e9cisions finales sur les candidatures. Les candidats sont inform\u00e9s des r\u00e9sultats.<\/p>\t\t\t\t\t\t\t\t\t\t\t\t\t\n\t\t\t\t\t\t\t<h2>1er juillet 2025<\/h2>\n\t\t\t\t\t\t\t<p>Un acompte non remboursable de $500 est vers\u00e9. Les mentors sont contact\u00e9s et commencent ce voyage avec les participants.<\/p>\t\t\t\t\t\t\t\t\t\t\t\t\t\n\t\t\t\t\t\t\t<h2>1er ao\u00fbt 2024<\/h2>\n\t\t\t\t\t\t\t<ul><li>D\u00e9but des recherches communautaires et des travaux pr\u00e9-intensifs<\/li><li>Les superviseurs sont identifi\u00e9s et commencent ce voyage avec les participants<\/li><\/ul>\t\t\t\t\t\t\t\t\t\t\t\t\t\n\t\t\t\t\t\t\t<h2>21 septembre \u2013 17 octobre 2025<\/h2>\n\t\t\t\t\t\t\t<p>Les participants se r\u00e9unissent au Sri Lanka pour un programme intensif de quatre semaines o\u00f9 ils apprendront les uns des autres et des animateurs experts. L&#039;apprentissage sera bas\u00e9 sur la Bible, interactif et exp\u00e9rientiel. Les \u00e9l\u00e9ments du programme intensif sont les suivants :<ul><li>Fondements bibliques : enfants, famille et communaut\u00e9 de foi dans la Grande Histoire de Dieu<\/li><li>Le contexte dans lequel vivent les enfants\u00a0: les implications pour le minist\u00e8re aupr\u00e8s des enfants des diverses sous-cultures dans lesquelles se fa\u00e7onne la vision du monde d&#039;un enfant<\/li><li>Formation transformationnelle de la foi chez les enfants : apporter de l\u2019espoir aux enfants pour qu\u2019ils apportent de l\u2019espoir \u00e0 leur entourage<\/li><li>Leadership selon Dieu\u00a0: les qualit\u00e9s et les comp\u00e9tences d&#039;un dirigeant du Royaume charg\u00e9 du minist\u00e8re aupr\u00e8s des enfants<\/li><\/ul>Les valeurs du GCF de service, de g\u00e9n\u00e9rosit\u00e9, d&#039;int\u00e9grit\u00e9 et de confiance seront les pierres angulaires de la communaut\u00e9 GCF LE qui sera construite.<\/p>\t\t\t\t\t\t\t\t\t\t\t\t\t\n\t\t\t\t\t\t\t<h2>18 octobre 2025 \u2013 30 avril 2026<\/h2>\n\t\t\t\t\t\t\t<ul><li>Les sessions r\u00e9guli\u00e8res de cours en ligne se poursuivent<\/li><li>Les r\u00e9unions r\u00e9guli\u00e8res avec le mentor et le superviseur se poursuivent<\/li><li>Les groupes communautaires en ligne r\u00e9guliers continuent avec des discussions et des devoirs d&#039;apprentissage autour de sujets li\u00e9s au minist\u00e8re aupr\u00e8s des enfants.<\/li><li>Les participants r\u00e9alisent un projet minist\u00e9riel comme convenu avec leur superviseur et les facilitateurs de l&#039;exp\u00e9rience de leadership du GCF. Ce projet reliera intentionnellement l&#039;apprentissage de l&#039;exp\u00e9rience de leadership au minist\u00e8re dans lequel la personne est impliqu\u00e9e.<\/li><\/ul>\t\t\t\t\t\t\t\t\t\t\t\t\t\n\t\t\t\t\t\t\t<h2>Mi-avril 2026<\/h2>\n\t\t\t\t\t\t\t<h5>Dipl\u00f4me en ligne<\/h5><p>Les dipl\u00f4m\u00e9s re\u00e7oivent un certificat d&#039;exp\u00e9rience en leadership du GCF approuv\u00e9 par le s\u00e9minaire Bethel, aux \u00c9tats-Unis. Les certificats seront remis lors d&#039;une c\u00e9r\u00e9monie de remise des dipl\u00f4mes en ligne r\u00e9unissant des participants et des animateurs du monde entier.<\/p>","protected":false},"excerpt":{"rendered":"<p>Calendrier\u00a0: 15 janvier 2025. Ouverture des candidatures pour l&#039;Exp\u00e9rience de Leadership du FVC au Sri Lanka 2025. 31 mars 2025. Cl\u00f4ture des candidatures. Tous les candidats sont inform\u00e9s de leur s\u00e9lection et des informations compl\u00e9mentaires sur l&#039;Exp\u00e9rience de Leadership leur sont envoy\u00e9es. Un acompte non remboursable de $500 est d\u00fb avant le 1er juillet 2025. 30 avril 2025. D\u00e9cisions finales concernant les candidatures. Les candidats sont inform\u00e9s\u2026 <a title=\"Calendrier\" class=\"read-more\" href=\"https:\/\/gcfleadership.org\/fr\/sri-lanka-2025\/timetable\/\" aria-label=\"En savoir plus sur les horaires\">Lire plus<\/a><\/p>","protected":false},"author":1,"featured_media":0,"parent":467,"menu_order":0,"comment_status":"closed","ping_status":"closed","template":"","meta":{"give_campaign_id":0,"_seopress_robots_primary_cat":"","_seopress_titles_title":"","_seopress_titles_desc":"","_seopress_robots_index":"yes","footnotes":""},"class_list":["post-474","page","type-page","status-publish"],"campaignId":"","_links":{"self":[{"href":"https:\/\/gcfleadership.org\/fr\/wp-json\/wp\/v2\/pages\/474","targetHints":{"allow":["GET"]}}],"collection":[{"href":"https:\/\/gcfleadership.org\/fr\/wp-json\/wp\/v2\/pages"}],"about":[{"href":"https:\/\/gcfleadership.org\/fr\/wp-json\/wp\/v2\/types\/page"}],"author":[{"embeddable":true,"href":"https:\/\/gcfleadership.org\/fr\/wp-json\/wp\/v2\/users\/1"}],"replies":[{"embeddable":true,"href":"https:\/\/gcfleadership.org\/fr\/wp-json\/wp\/v2\/comments?post=474"}],"version-history":[{"count":5,"href":"https:\/\/gcfleadership.org\/fr\/wp-json\/wp\/v2\/pages\/474\/revisions"}],"predecessor-version":[{"id":605,"href":"https:\/\/gcfleadership.org\/fr\/wp-json\/wp\/v2\/pages\/474\/revisions\/605"}],"up":[{"embeddable":true,"href":"https:\/\/gcfleadership.org\/fr\/wp-json\/wp\/v2\/pages\/467"}],"wp:attachment":[{"href":"https:\/\/gcfleadership.org\/fr\/wp-json\/wp\/v2\/media?parent=474"}],"curies":[{"name":"wp","href":"https:\/\/api.w.org\/{rel}","templated":true}]}}

<h1>
			Calendrier	</h1>
							<h2>15 janvier 2025</h2>
							<p>Les candidatures sont ouvertes pour l&#039;expérience de leadership du GCF 2025 au Sri Lanka.</p>													
							<h2>31 mars 2025</h2>
							<p>Clôture des candidatures. Tous les candidats seront informés de leur sélection et des informations complémentaires sur l&#039;Expérience Leadership leur seront envoyées. Un acompte non remboursable de $500 est dû avant le 1er juillet 2025.</p>													
							<h2>30 avril 2025</h2>
							<p>Décisions finales sur les candidatures. Les candidats sont informés des résultats.</p>													
							<h2>1er juillet 2025</h2>
							<p>Un acompte non remboursable de $500 est versé. Les mentors sont contactés et commencent ce voyage avec les participants.</p>													
							<h2>1er août 2024</h2>
							<ul><li>Début des recherches communautaires et des travaux pré-intensifs</li><li>Les superviseurs sont identifiés et commencent ce voyage avec les participants</li></ul>													
							<h2>21 septembre – 17 octobre 2025</h2>
							<p>Les participants se réunissent au Sri Lanka pour un programme intensif de quatre semaines où ils apprendront les uns des autres et des animateurs experts. L&#039;apprentissage sera basé sur la Bible, interactif et expérientiel. Les éléments du programme intensif sont les suivants :<ul><li>Fondements bibliques : enfants, famille et communauté de foi dans la Grande Histoire de Dieu</li><li>Le contexte dans lequel vivent les enfants : les implications pour le ministère auprès des enfants des diverses sous-cultures dans lesquelles se façonne la vision du monde d&#039;un enfant</li><li>Formation transformationnelle de la foi chez les enfants : apporter de l’espoir aux enfants pour qu’ils apportent de l’espoir à leur entourage</li><li>Leadership selon Dieu : les qualités et les compétences d&#039;un dirigeant du Royaume chargé du ministère auprès des enfants</li></ul>Les valeurs du GCF de service, de générosité, d&#039;intégrité et de confiance seront les pierres angulaires de la communauté GCF LE qui sera construite.</p>													
							<h2>18 octobre 2025 – 30 avril 2026</h2>
							<ul><li>Les sessions régulières de cours en ligne se poursuivent</li><li>Les réunions régulières avec le mentor et le superviseur se poursuivent</li><li>Les groupes communautaires en ligne réguliers continuent avec des discussions et des devoirs d&#039;apprentissage autour de sujets liés au ministère auprès des enfants.</li><li>Les participants réalisent un projet ministériel comme convenu avec leur superviseur et les facilitateurs de l&#039;expérience de leadership du GCF. Ce projet reliera intentionnellement l&#039;apprentissage de l&#039;expérience de leadership au ministère dans lequel la personne est impliquée.</li></ul>													
							<h2>Mi-avril 2026</h2>
							<h5>Diplôme en ligne</h5><p>Les diplômés reçoivent un certificat d&#039;expérience en leadership du GCF approuvé par le séminaire Bethel, aux États-Unis. Les certificats seront remis lors d&#039;une cérémonie de remise des diplômes en ligne réunissant des participants et des animateurs du monde entier.</p>

<p>Calendrier : 15 janvier 2025. Ouverture des candidatures pour l&#039;Expérience de Leadership du FVC au Sri Lanka 2025. 31 mars 2025. Clôture des candidatures. Tous les candidats sont informés de leur sélection et des informations complémentaires sur l&#039;Expérience de Leadership leur sont envoyées. Un acompte non remboursable de $500 est dû avant le 1er juillet 2025. 30 avril 2025. Décisions finales concernant les candidatures. Les candidats sont informés… <a title="Calendrier" class="read-more" href="https://gcfleadership.org/fr/sri-lanka-2025/timetable/" aria-label="En savoir plus sur les horaires">Lire plus</a></p>
