{"id":503,"date":"2024-12-03T14:09:10","date_gmt":"2024-12-03T14:09:10","guid":{"rendered":"https:\/\/gcfleadership.org\/?page_id=503"},"modified":"2025-12-17T16:27:40","modified_gmt":"2025-12-17T16:27:40","slug":"applicants-reference","status":"publish","type":"page","link":"https:\/\/gcfleadership.org\/fr\/sri-lanka-2025\/applicants-reference\/","title":{"rendered":"R\u00e9f\u00e9rence du demandeur"},"content":{"rendered":"<h2>\n\t\t\tR\u00e9f\u00e9rence personnelle pour les candidats \u00e0 l&#039;exp\u00e9rience de leadership du Forum mondial des enfants\t<\/h2>\n\t<p>Avant de r\u00e9pondre aux questions ci-dessous, veuillez prendre en compte les crit\u00e8res utilis\u00e9s par le Forum mondial des enfants (FGE) pour d\u00e9terminer l&#039;admissibilit\u00e9 d&#039;un candidat. Il s&#039;agit d&#039;une personne qui :<\/p>\n<ul>\n<li>est un responsable exp\u00e9riment\u00e9 du minist\u00e8re des enfants qui forme d\u00e9j\u00e0 d&#039;autres personnes<\/li>\n<li>a d\u00e9montr\u00e9 des capacit\u00e9s de leadership ou un potentiel de leadership important<\/li>\n<li>est responsable et travailleur<\/li>\n<li>travaille bien en \u00e9quipe<\/li>\n<li>est tr\u00e8s comp\u00e9tent en anglais \u00e9crit et parl\u00e9<\/li>\n<li>est tr\u00e8s probablement \u00e2g\u00e9 de 25 \u00e0 45 ans<\/li>\n<li>est disponible pour participer \u00e0 une formation r\u00e9sidentielle de quatre semaines au Sri Lanka<\/li>\n<li>est en mesure de financer la totalit\u00e9 ou une partie importante des frais de cours US$1 800 et de payer tous les billets d&#039;avion et les frais de voyage associ\u00e9s (passeport, visa, assurance voyage et m\u00e9dicale)<\/li>\n<li>est soutenu dans sa candidature par l&#039;\u00e9glise ou l&#039;organisation chr\u00e9tienne dans laquelle il\/elle est responsable du minist\u00e8re des enfants<\/li>\n<\/ul>\n<p>Veuillez r\u00e9pondre aux questions suivantes concernant le candidat. Veuillez pr\u00e9voir suffisamment d&#039;espace pour nous fournir des informations compl\u00e8tes sur cette personne.<\/p>\n\t<form action=\"https:\/\/gcfleadership.org\/fr\/wp-json\/ws-form\/v1\/submit\" class=\"wsf-form wsf-form-canvas\" id=\"ws-form-1\" data-id=\"12\" method=\"POST\" data-instance-id=\"1\" data-wsf-style-id=\"1\" data-trp-original-action=\"https:\/\/gcfleadership.org\/fr\/wp-json\/ws-form\/v1\/submit\"><input type=\"hidden\" name=\"trp-form-language\" value=\"fr\"\/><\/form>","protected":false},"excerpt":{"rendered":"<p>R\u00e9f\u00e9rence personnelle pour les candidats au programme d&#039;exp\u00e9rience en leadership du Forum mondial des enfants. Avant de r\u00e9pondre aux questions ci-dessous, veuillez prendre en compte les crit\u00e8res utilis\u00e9s par le Forum mondial des enfants (GCF) pour d\u00e9terminer l&#039;admissibilit\u00e9 d&#039;un candidat. Il s&#039;agit d&#039;une personne qui : est un responsable exp\u00e9riment\u00e9 du minist\u00e8re des enfants qui forme d\u00e9j\u00e0 d&#039;autres personnes ; poss\u00e8de des comp\u00e9tences av\u00e9r\u00e9es en leadership ou\u2026 <a title=\"R\u00e9f\u00e9rence du demandeur\" class=\"read-more\" href=\"https:\/\/gcfleadership.org\/fr\/sri-lanka-2025\/applicants-reference\/\" aria-label=\"En savoir plus sur R\u00e9f\u00e9rence du candidat\">Lire plus<\/a><\/p>","protected":false},"author":1,"featured_media":0,"parent":467,"menu_order":0,"comment_status":"closed","ping_status":"closed","template":"","meta":{"give_campaign_id":0,"_seopress_robots_primary_cat":"","_seopress_titles_title":"","_seopress_titles_desc":"","_seopress_robots_index":"","footnotes":""},"class_list":["post-503","page","type-page","status-publish"],"campaignId":"","_links":{"self":[{"href":"https:\/\/gcfleadership.org\/fr\/wp-json\/wp\/v2\/pages\/503","targetHints":{"allow":["GET"]}}],"collection":[{"href":"https:\/\/gcfleadership.org\/fr\/wp-json\/wp\/v2\/pages"}],"about":[{"href":"https:\/\/gcfleadership.org\/fr\/wp-json\/wp\/v2\/types\/page"}],"author":[{"embeddable":true,"href":"https:\/\/gcfleadership.org\/fr\/wp-json\/wp\/v2\/users\/1"}],"replies":[{"embeddable":true,"href":"https:\/\/gcfleadership.org\/fr\/wp-json\/wp\/v2\/comments?post=503"}],"version-history":[{"count":5,"href":"https:\/\/gcfleadership.org\/fr\/wp-json\/wp\/v2\/pages\/503\/revisions"}],"predecessor-version":[{"id":593,"href":"https:\/\/gcfleadership.org\/fr\/wp-json\/wp\/v2\/pages\/503\/revisions\/593"}],"up":[{"embeddable":true,"href":"https:\/\/gcfleadership.org\/fr\/wp-json\/wp\/v2\/pages\/467"}],"wp:attachment":[{"href":"https:\/\/gcfleadership.org\/fr\/wp-json\/wp\/v2\/media?parent=503"}],"curies":[{"name":"wp","href":"https:\/\/api.w.org\/{rel}","templated":true}]}}

Référence du demandeur

<h2>
			Référence personnelle pour les candidats à l&#039;expérience de leadership du Forum mondial des enfants	</h2>
	<p>Avant de répondre aux questions ci-dessous, veuillez prendre en compte les critères utilisés par le Forum mondial des enfants (FGE) pour déterminer l&#039;admissibilité d&#039;un candidat. Il s&#039;agit d&#039;une personne qui :</p>
<ul>
<li>est un responsable expérimenté du ministère des enfants qui forme déjà d&#039;autres personnes</li>
<li>a démontré des capacités de leadership ou un potentiel de leadership important</li>
<li>est responsable et travailleur</li>
<li>travaille bien en équipe</li>
<li>est très compétent en anglais écrit et parlé</li>
<li>est très probablement âgé de 25 à 45 ans</li>
<li>est disponible pour participer à une formation résidentielle de quatre semaines au Sri Lanka</li>
<li>est en mesure de financer la totalité ou une partie importante des frais de cours US$1 800 et de payer tous les billets d&#039;avion et les frais de voyage associés (passeport, visa, assurance voyage et médicale)</li>
<li>est soutenu dans sa candidature par l&#039;église ou l&#039;organisation chrétienne dans laquelle il/elle est responsable du ministère des enfants</li>
</ul>
<p>Veuillez répondre aux questions suivantes concernant le candidat. Veuillez prévoir suffisamment d&#039;espace pour nous fournir des informations complètes sur cette personne.</p>
	<form action="https://gcfleadership.org/fr/wp-json/ws-form/v1/submit" class="wsf-form wsf-form-canvas" id="ws-form-1" data-id="12" method="POST" data-instance-id="1" data-wsf-style-id="1" data-trp-original-action="https://gcfleadership.org/fr/wp-json/ws-form/v1/submit"><input type="hidden" name="trp-form-language" value="fr"/></form>

<p>Référence personnelle pour les candidats au programme d&#039;expérience en leadership du Forum mondial des enfants. Avant de répondre aux questions ci-dessous, veuillez prendre en compte les critères utilisés par le Forum mondial des enfants (GCF) pour déterminer l&#039;admissibilité d&#039;un candidat. Il s&#039;agit d&#039;une personne qui : est un responsable expérimenté du ministère des enfants qui forme déjà d&#039;autres personnes ; possède des compétences avérées en leadership ou… <a title="Référence du demandeur" class="read-more" href="https://gcfleadership.org/fr/sri-lanka-2025/applicants-reference/" aria-label="En savoir plus sur Référence du candidat">Lire plus</a></p>
