{"id":63,"date":"2022-11-28T16:16:45","date_gmt":"2022-11-28T16:16:45","guid":{"rendered":"https:\/\/generate.perfectlydigital.dev\/?page_id=63"},"modified":"2026-04-04T08:42:56","modified_gmt":"2026-04-04T08:42:56","slug":"home","status":"publish","type":"page","link":"https:\/\/gcfleadership.org\/pt\/","title":{"rendered":"Lar"},"content":{"rendered":"<h4>\n\t\t\tAs inscri\u00e7\u00f5es para o LE Europe j\u00e1 est\u00e3o abertas.\t<\/h4>\n\t<a href=\"https:\/\/gcfleadership.org\/pt\/albania-2026\/information\/\" target=\"_self\" role=\"button\" aria-label=\"DESCUBRA MAIS\">\n\t\t\t\t\t\tDESCUBRA MAIS\n\t\t\t\t\t<\/a>\n\t<a href=\"https:\/\/gcfleadership.org\/pt\/albania-2026\/apply\/\" target=\"_self\" role=\"button\" aria-label=\"INICIE SUA APLICA\u00c7\u00c3O\">\n\t\t\t\t\t\tINICIE SUA APLICA\u00c7\u00c3O\n\t\t\t\t\t<\/a>\n<h2>\n\t\t\tUm programa de desenvolvimento de lideran\u00e7a de um ano para mudan\u00e7a de vida para l\u00edderes emergentes do minist\u00e9rio infantil.\t<\/h2>\n\t<iframe allowfullscreen allow=\"autoplay\" data-src=\"https:\/\/www.youtube-nocookie.com\/embed\/EisF9jfIhJw?feature=oembed&amp;start&amp;end&amp;wmode=opaque&amp;loop=0&amp;controls=1&amp;mute=0&amp;rel=0&amp;modestbranding=1\"><\/iframe>\t\t\n\t\t\t\t\tReproduzir v\u00eddeo\n\t<iframe allowfullscreen allow=\"autoplay\" data-src=\"https:\/\/www.youtube-nocookie.com\/embed\/GGKEl26z4Xw?feature=oembed&amp;start&amp;end&amp;wmode=opaque&amp;loop=0&amp;controls=1&amp;mute=0&amp;rel=0&amp;modestbranding=1\"><\/iframe>\t\t\n\t\t\t\t\tReproduzir v\u00eddeo\n<h2>\n\t\t\tUma oportunidade para os l\u00edderes aprenderem juntos com outros l\u00edderes emergentes de todo o mundo.\t<\/h2>\n<h3>\n\t\t\tAs pr\u00f3ximas Experi\u00eancias de Lideran\u00e7a come\u00e7am em junho de 2026.\t<\/h3>\n\t<p>Teremos duas Experi\u00eancias de Lideran\u00e7a em 2026: <strong>LE Europa<\/strong> e <strong>LE \u00c1frica Ocidental<\/strong>.<\/p>\n<p>As sess\u00f5es online para ambos os cursos ser\u00e3o realizadas de junho de 2026 a abril\/maio de 2027. Ambas as Experi\u00eancias de Lideran\u00e7a incluem um per\u00edodo intensivo de quatro semanas em regime de internato.<\/p>\n<p>O programa residencial LE Europe ser\u00e1 realizado na Alb\u00e2nia de 20 de setembro a 17 de outubro de 2026.<\/p>\n<p>O programa residencial LE West Africa ser\u00e1 realizado no Togo, de 9 de agosto a 5 de setembro de 2026.<\/p>\n<p>Consulte os links abaixo para datas e mais detalhes sobre cada Experi\u00eancia de Lideran\u00e7a.<\/p>\n<h2>\n\t\t\tLE Europa\t<\/h2>\n\t<a href=\"https:\/\/gcfleadership.org\/pt\/albania-2026\/information\/\" target=\"_self\" role=\"button\" aria-label=\"INFORMA\u00c7\u00c3O (LE Europa)\">\n\t\t\t\t\t\tINFORMA\u00c7\u00c3O (LE Europa)\n\t\t\t\t\t<\/a>\n\t<a href=\"https:\/\/gcfleadership.org\/pt\/albania-2026\/timetable\/\" target=\"_self\" role=\"button\" aria-label=\"HOR\u00c1RIO (LE Europa)\">\n\t\t\t\t\t\tHOR\u00c1RIO (LE Europa)\n\t\t\t\t\t<\/a>\n\t<a href=\"https:\/\/gcfleadership.org\/pt\/albania-2026\/apply\/\" target=\"_self\" role=\"button\" aria-label=\"CANDIDATE-SE (LE Europa)\">\n\t\t\t\t\t\tCANDIDATE-SE (LE Europa)\n\t\t\t\t\t<\/a>\n<h2>\n\t\t\tLE \u00c1frica Ocidental\t<\/h2>\n\t<p>As inscri\u00e7\u00f5es para o LE \u00c1frica Ocidental j\u00e1 est\u00e3o encerradas.<\/p>\n\t<a href=\"https:\/\/gcfleadership.org\/pt\/west-africa-2026\/information\/\" target=\"_self\" role=\"button\" aria-label=\"INFORMA\u00c7\u00c3O (LE \u00c1frica Ocidental)\">\n\t\t\t\t\t\tINFORMA\u00c7\u00c3O (LE \u00c1frica Ocidental)\n\t\t\t\t\t<\/a>\n\t<a href=\"https:\/\/gcfleadership.org\/pt\/west-africa-2026\/timetable\/\" target=\"_self\" role=\"button\" aria-label=\"HOR\u00c1RIO (LE \u00c1frica Ocidental)\">\n\t\t\t\t\t\tHOR\u00c1RIO (LE \u00c1frica Ocidental)\n\t\t\t\t\t<\/a>\n\t\t\t\t<p>Aprender n\u00e3o apenas com os facilitadores, mas tamb\u00e9m com outros participantes foi muito revelador e uma grande b\u00ean\u00e7\u00e3o para mim! Sim, obtivemos muitas informa\u00e7\u00f5es novas \u2013 MAS n\u00e3o foi a principal coisa que me mudou. O que realmente me impactou foram as rela\u00e7\u00f5es com as pessoas que conheci e as experi\u00eancias que compartilhamos. Deus mudou meu cora\u00e7\u00e3o em rela\u00e7\u00e3o ao minist\u00e9rio infantil.<\/p>\n\t<p>Para a sua igreja ou organiza\u00e7\u00e3o, \u00e9 uma oportunidade \u00fanica de investir nos l\u00edderes do seu minist\u00e9rio infantil para que se tornem pessoas que possam influenciar e transformar as nossas comunidades para o bem das crian\u00e7as.<\/p>\n<figure itemscope itemtype=\"https:\/\/schema.org\/ImageObject\">\n\t\t\t\t<img decoding=\"async\" src=\"https:\/\/gcfleadership.org\/wp-content\/uploads\/2024\/04\/Depositphotos_53329263_XL-square-ai-900.jpg\" alt=\"\" height=\"900\" width=\"900\" onerror=\"this.style.display='none'\" loading=\"lazy\" \/>\n\t<\/figure>\n\t\t\t\t<p>Experimentar uma atitude verdadeiramente \u201cvoltada para o reino\u201d. Al\u00e9m de uma teoria, vivenciar isso com Sua verdade, amor e Esp\u00edrito me deu um gostinho lindo. Hoje sei que \u00e9 poss\u00edvel trabalhar plenamente pelo Reino.<\/p>\n<h3>\n\t\t\tIncentivamos voc\u00ea a se inscrever na Experi\u00eancia de Lideran\u00e7a GCF se:\t<\/h3>\n\t<ul>\n<li>Voc\u00ea \u00e9 um trabalhador infantil experiente h\u00e1 pelo menos cinco anos e j\u00e1 est\u00e1 treinando outras pessoas<\/li>\n<li>Outros reconhecem suas habilidades de lideran\u00e7a no minist\u00e9rio infantil<\/li>\n<li>Voc\u00ea trabalha bem em equipe<\/li>\n<li>\u00c9 mais prov\u00e1vel que voc\u00ea tenha entre 20 e 45 anos de idade<\/li>\n<li>Sua igreja ou organiza\u00e7\u00e3o crist\u00e3 recomenda voc\u00ea para LE<\/li>\n<li>Voc\u00ea se compromete a concluir a pesquisa da comunidade LE antes de participar do treinamento intensivo residencial<\/li>\n<li>Voc\u00ea poder\u00e1 participar do Programa Residencial Intensivo LE em 2026.<\/li>\n<li>Voc\u00ea est\u00e1 comprometido em cumprir cada <a href=\"https:\/\/gcfleadership.org\/pt\/information-for\/participants\/\">Requisito LE<\/a>.<\/li>\n<\/ul>\n\t\t\t\t<p>Sou repensado, inspirado e desafiado com uma vis\u00e3o mais hol\u00edstica e global do minist\u00e9rio infantil e da lideran\u00e7a.<\/p>\n<h3>\n\t\t\tAo longo de um ano, os participantes LE comprometem-se a:\t<\/h3>\n\t<ul>\n<li>Realizar pesquisas comunit\u00e1rias guiadas entre crian\u00e7as e l\u00edderes<\/li>\n<li>Participe do Curso Residencial na Alb\u00e2nia com foco nos Fundamentos B\u00edblicos do Minist\u00e9rio Infantil Hol\u00edstico, Compreendendo o Contexto das Crian\u00e7as, Discipulado Transformador e Lideran\u00e7a do Reino.<\/li>\n<li>Interaja entre si em f\u00f3runs online<\/li>\n<li>Re\u00fana-se regularmente com mentores e supervisores<\/li>\n<li>Conclua um Projeto de Minist\u00e9rio que traga o aprendizado de LE para o seu minist\u00e9rio<\/li>\n<\/ul>\n<figure itemscope itemtype=\"https:\/\/schema.org\/ImageObject\">\n\t\t\t\t<img decoding=\"async\" src=\"https:\/\/gcfleadership.org\/wp-content\/uploads\/2024\/04\/Depositphotos_233538108_XL-900.jpg\" alt=\"\" height=\"900\" width=\"900\" onerror=\"this.style.display='none'\" loading=\"lazy\" \/>\n\t<\/figure>\n\t<a href=\"https:\/\/gcfleadership.org\/pt\/albania-2026\/apply\/\" target=\"_self\" role=\"button\" aria-label=\"INICIE SUA CANDIDATURA AGORA (LE Europe)\">\n\t\t\t\t\t\tINICIE SUA CANDIDATURA AGORA (LE Europe)\n\t\t\t\t\t<\/a>\n<figure itemscope itemtype=\"https:\/\/schema.org\/ImageObject\">\n\t\t\t\t<img decoding=\"async\" src=\"https:\/\/gcfleadership.org\/wp-content\/uploads\/2024\/04\/Depositphotos_387102014_XL-sq-900.jpg\" alt=\"\" height=\"900\" width=\"900\" onerror=\"this.style.display='none'\" loading=\"lazy\" \/>\n\t<\/figure>","protected":false},"excerpt":{"rendered":"<p>Registrations are now open for LE Europe. FIND OUT MORE START YOUR APPLICATION A one-year life-changing leadership development program for emerging children&#8217;s ministry leaders. Play Video Play Video An opportunity for leaders to learn together with other emerging leaders from around the globe. The next Leadership Experiences begin in June 2026 We are running two &#8230; <a title=\"Lar\" class=\"read-more\" href=\"https:\/\/gcfleadership.org\/pt\/\" aria-label=\"Leia mais sobre Home\">Leia mais<\/a><\/p>","protected":false},"author":1,"featured_media":0,"parent":0,"menu_order":0,"comment_status":"closed","ping_status":"closed","template":"","meta":{"give_campaign_id":0,"_seopress_robots_primary_cat":"","_seopress_titles_title":"GCF Leadership Experience | Leadership Development Program","_seopress_titles_desc":"A one-year life-changing leadership development program for emerging children\u2019s ministry leaders","_seopress_robots_index":"","footnotes":""},"class_list":["post-63","page","type-page","status-publish"],"campaignId":"","_links":{"self":[{"href":"https:\/\/gcfleadership.org\/pt\/wp-json\/wp\/v2\/pages\/63","targetHints":{"allow":["GET"]}}],"collection":[{"href":"https:\/\/gcfleadership.org\/pt\/wp-json\/wp\/v2\/pages"}],"about":[{"href":"https:\/\/gcfleadership.org\/pt\/wp-json\/wp\/v2\/types\/page"}],"author":[{"embeddable":true,"href":"https:\/\/gcfleadership.org\/pt\/wp-json\/wp\/v2\/users\/1"}],"replies":[{"embeddable":true,"href":"https:\/\/gcfleadership.org\/pt\/wp-json\/wp\/v2\/comments?post=63"}],"version-history":[{"count":11,"href":"https:\/\/gcfleadership.org\/pt\/wp-json\/wp\/v2\/pages\/63\/revisions"}],"predecessor-version":[{"id":801,"href":"https:\/\/gcfleadership.org\/pt\/wp-json\/wp\/v2\/pages\/63\/revisions\/801"}],"wp:attachment":[{"href":"https:\/\/gcfleadership.org\/pt\/wp-json\/wp\/v2\/media?parent=63"}],"curies":[{"name":"wp","href":"https:\/\/api.w.org\/{rel}","templated":true}]}}

<h4>
			As inscrições para o LE Europe já estão abertas.	</h4>
	<a href="https://gcfleadership.org/pt/albania-2026/information/" target="_self" role="button" aria-label="DESCUBRA MAIS">
						DESCUBRA MAIS
					</a>
	<a href="https://gcfleadership.org/pt/albania-2026/apply/" target="_self" role="button" aria-label="INICIE SUA APLICAÇÃO">
						INICIE SUA APLICAÇÃO
					</a>
<h2>
			Um programa de desenvolvimento de liderança de um ano para mudança de vida para líderes emergentes do ministério infantil.	</h2>
	<iframe allowfullscreen allow="autoplay" data-src="https://www.youtube-nocookie.com/embed/EisF9jfIhJw?feature=oembed&amp;start&amp;end&amp;wmode=opaque&amp;loop=0&amp;controls=1&amp;mute=0&amp;rel=0&amp;modestbranding=1"></iframe>		
					Reproduzir vídeo
	<iframe allowfullscreen allow="autoplay" data-src="https://www.youtube-nocookie.com/embed/GGKEl26z4Xw?feature=oembed&amp;start&amp;end&amp;wmode=opaque&amp;loop=0&amp;controls=1&amp;mute=0&amp;rel=0&amp;modestbranding=1"></iframe>		
					Reproduzir vídeo
<h2>
			Uma oportunidade para os líderes aprenderem juntos com outros líderes emergentes de todo o mundo.	</h2>
<h3>
			As próximas Experiências de Liderança começam em junho de 2026.	</h3>
	<p>Teremos duas Experiências de Liderança em 2026: <strong>LE Europa</strong> e <strong>LE África Ocidental</strong>.</p>
<p>As sessões online para ambos os cursos serão realizadas de junho de 2026 a abril/maio de 2027. Ambas as Experiências de Liderança incluem um período intensivo de quatro semanas em regime de internato.</p>
<p>O programa residencial LE Europe será realizado na Albânia de 20 de setembro a 17 de outubro de 2026.</p>
<p>O programa residencial LE West Africa será realizado no Togo, de 9 de agosto a 5 de setembro de 2026.</p>
<p>Consulte os links abaixo para datas e mais detalhes sobre cada Experiência de Liderança.</p>
<h2>
			LE Europa	</h2>
	<a href="https://gcfleadership.org/pt/albania-2026/information/" target="_self" role="button" aria-label="INFORMAÇÃO (LE Europa)">
						INFORMAÇÃO (LE Europa)
					</a>
	<a href="https://gcfleadership.org/pt/albania-2026/timetable/" target="_self" role="button" aria-label="HORÁRIO (LE Europa)">
						HORÁRIO (LE Europa)
					</a>
	<a href="https://gcfleadership.org/pt/albania-2026/apply/" target="_self" role="button" aria-label="CANDIDATE-SE (LE Europa)">
						CANDIDATE-SE (LE Europa)
					</a>
<h2>
			LE África Ocidental	</h2>
	<p>As inscrições para o LE África Ocidental já estão encerradas.</p>
	<a href="https://gcfleadership.org/pt/west-africa-2026/information/" target="_self" role="button" aria-label="INFORMAÇÃO (LE África Ocidental)">
						INFORMAÇÃO (LE África Ocidental)
					</a>
	<a href="https://gcfleadership.org/pt/west-africa-2026/timetable/" target="_self" role="button" aria-label="HORÁRIO (LE África Ocidental)">
						HORÁRIO (LE África Ocidental)
					</a>
				<p>Aprender não apenas com os facilitadores, mas também com outros participantes foi muito revelador e uma grande bênção para mim! Sim, obtivemos muitas informações novas – MAS não foi a principal coisa que me mudou. O que realmente me impactou foram as relações com as pessoas que conheci e as experiências que compartilhamos. Deus mudou meu coração em relação ao ministério infantil.</p>
	<p>Para a sua igreja ou organização, é uma oportunidade única de investir nos líderes do seu ministério infantil para que se tornem pessoas que possam influenciar e transformar as nossas comunidades para o bem das crianças.</p>
<figure itemscope itemtype="https://schema.org/ImageObject">
				<img decoding="async" src="https://gcfleadership.org/wp-content/uploads/2024/04/Depositphotos_53329263_XL-square-ai-900.jpg" alt="" height="900" width="900" onerror="this.style.display='none'" loading="lazy" />
	</figure>
				<p>Experimentar uma atitude verdadeiramente “voltada para o reino”. Além de uma teoria, vivenciar isso com Sua verdade, amor e Espírito me deu um gostinho lindo. Hoje sei que é possível trabalhar plenamente pelo Reino.</p>
<h3>
			Incentivamos você a se inscrever na Experiência de Liderança GCF se:	</h3>
	<ul>
<li>Você é um trabalhador infantil experiente há pelo menos cinco anos e já está treinando outras pessoas</li>
<li>Outros reconhecem suas habilidades de liderança no ministério infantil</li>
<li>Você trabalha bem em equipe</li>
<li>É mais provável que você tenha entre 20 e 45 anos de idade</li>
<li>Sua igreja ou organização cristã recomenda você para LE</li>
<li>Você se compromete a concluir a pesquisa da comunidade LE antes de participar do treinamento intensivo residencial</li>
<li>Você poderá participar do Programa Residencial Intensivo LE em 2026.</li>
<li>Você está comprometido em cumprir cada <a href="https://gcfleadership.org/pt/information-for/participants/">Requisito LE</a>.</li>
</ul>
				<p>Sou repensado, inspirado e desafiado com uma visão mais holística e global do ministério infantil e da liderança.</p>
<h3>
			Ao longo de um ano, os participantes LE comprometem-se a:	</h3>
	<ul>
<li>Realizar pesquisas comunitárias guiadas entre crianças e líderes</li>
<li>Participe do Curso Residencial na Albânia com foco nos Fundamentos Bíblicos do Ministério Infantil Holístico, Compreendendo o Contexto das Crianças, Discipulado Transformador e Liderança do Reino.</li>
<li>Interaja entre si em fóruns online</li>
<li>Reúna-se regularmente com mentores e supervisores</li>
<li>Conclua um Projeto de Ministério que traga o aprendizado de LE para o seu ministério</li>
</ul>
<figure itemscope itemtype="https://schema.org/ImageObject">
				<img decoding="async" src="https://gcfleadership.org/wp-content/uploads/2024/04/Depositphotos_233538108_XL-900.jpg" alt="" height="900" width="900" onerror="this.style.display='none'" loading="lazy" />
	</figure>
	<a href="https://gcfleadership.org/pt/albania-2026/apply/" target="_self" role="button" aria-label="INICIE SUA CANDIDATURA AGORA (LE Europe)">
						INICIE SUA CANDIDATURA AGORA (LE Europe)
					</a>
<figure itemscope itemtype="https://schema.org/ImageObject">
				<img decoding="async" src="https://gcfleadership.org/wp-content/uploads/2024/04/Depositphotos_387102014_XL-sq-900.jpg" alt="" height="900" width="900" onerror="this.style.display='none'" loading="lazy" />
	</figure>
