{"id":679,"date":"2026-01-09T18:18:54","date_gmt":"2026-01-09T18:18:54","guid":{"rendered":"https:\/\/gcfleadership.org\/?page_id=679"},"modified":"2026-01-21T08:22:04","modified_gmt":"2026-01-21T08:22:04","slug":"timetable","status":"publish","type":"page","link":"https:\/\/gcfleadership.org\/pt\/west-africa-2026\/timetable\/","title":{"rendered":"Calend\u00e1rio"},"content":{"rendered":"<h1>\n\t\t\tCalend\u00e1rio\t<\/h1>\n\t\t\t\t\t\t\t<h2>21 de janeiro de 2026<\/h2>\n\t\t\t\t\t\t\t<p>Est\u00e3o abertas as inscri\u00e7\u00f5es para o Programa de Experi\u00eancia de Lideran\u00e7a do Fundo Verde para o Clima (GCF) na \u00c1frica Ocidental em 2026.<\/p>\t\t\t\t\t\t\t\t\t\t\t\t\t\n\t\t\t\t\t\t\t<h2>31 de mar\u00e7o de 2026<\/h2>\n\t\t\t\t\t\t\t<p>Applications close.All applicants are notified if they are successful and further information about the Leadership Experience is sent. A non-refundable deposit of USD$500 is due by 1st June 2026.<\/p>\t\t\t\t\t\t\t\t\t\t\t\t\t\n\t\t\t\t\t\t\t<h2>30 de abril de 2026<\/h2>\n\t\t\t\t\t\t\t<p>Decis\u00f5es finais sobre as candidaturas. Os candidatos s\u00e3o informados dos resultados.<\/p>\t\t\t\t\t\t\t\t\t\t\t\t\t\n\t\t\t\t\t\t\t<h2>1 de junho de 2026<\/h2>\n\t\t\t\t\t\t\t<p>\u00c9 efetuado um dep\u00f3sito n\u00e3o reembols\u00e1vel de USD $500. Os mentores s\u00e3o contatados e iniciam essa jornada com os participantes.<\/p>\t\t\t\t\t\t\t\t\t\t\t\t\t\n\t\t\t\t\t\t\t<h2>1\u00ba de julho de 2026<\/h2>\n\t\t\t\t\t\t\t<ul><li>Iniciam-se as pesquisas comunit\u00e1rias e as tarefas pr\u00e9-intensivas<\/li><li>Os supervisores s\u00e3o identificados e iniciam esta jornada com os participantes<\/li><\/ul>\t\t\t\t\t\t\t\t\t\t\t\t\t\n\t\t\t\t\t\t\t<h2>13 de julho de 2026<\/h2>\n\t\t\t\t\t\t\t<p>Por favor, envie por e-mail uma c\u00f3pia do seu comprovante de seguro viagem e seguro sa\u00fade para <a href=\"mailto:gcflewestafrica@gmail.com\">gcflewestafrica@gmail.com<\/a> antes de sua viagem para a parte residencial do curso no Local Residencial Intensivo.<\/p>\n\t\t\t\t\t\t\t<h2>9 de agosto de 2026<\/h2>\n\t\t\t\t\t\t\t<p>O saldo de USD $1.600 est\u00e1 pendente de pagamento.<\/p>\t\t\t\t\t\t\t\t\t\t\t\t\t\n\t\t\t\t\t\t\t<h2>9th August &#8211; 5th September 2026<\/h2>\n\t\t\t\t\t\t\t<p>Os participantes se re\u00fanem no Togo para um retiro residencial intensivo de quatro semanas, onde aprender\u00e3o uns com os outros e com facilitadores especializados. O aprendizado ser\u00e1 baseado na B\u00edblia, interativo e vivencial. Os elementos do retiro intensivo s\u00e3o:<ul><li>Fundamentos b\u00edblicos: crian\u00e7as, fam\u00edlia e comunidade de f\u00e9 na Grande Hist\u00f3ria de Deus<\/li><li>O contexto em que as crian\u00e7as vivem: as implica\u00e7\u00f5es para o minist\u00e9rio infantil das diversas subculturas nas quais a vis\u00e3o de mundo de uma crian\u00e7a \u00e9 moldada<\/li><li>Forma\u00e7\u00e3o de f\u00e9 transformacional em crian\u00e7as: levar esperan\u00e7a \u00e0s crian\u00e7as para que elas levem esperan\u00e7a \u00e0s pessoas ao seu redor<\/li><li>Lideran\u00e7a piedosa: as qualidades e as habilidades de um l\u00edder do Reino no minist\u00e9rio infantil<\/li><\/ul>Os valores do GCF de servi\u00e7o, generosidade, integridade e confian\u00e7a ser\u00e3o os alicerces da comunidade GCF LE que ser\u00e1 constru\u00edda.<\/p>\t\t\t\t\t\t\t\t\t\t\t\t\t\n\t\t\t\t\t\t\t<h2>7th October 2026 &#8211; 31st May 2027<\/h2>\n\t\t\t\t\t\t\t<ul><li>As sess\u00f5es regulares de ensino do curso online continuam<\/li><li>As reuni\u00f5es regulares com mentor e supervisor continuam<\/li><li>Grupos regulares da comunidade online continuam com discuss\u00f5es e tarefas de aprendizagem sobre t\u00f3picos do minist\u00e9rio infantil<\/li><li>Os participantes completam um Projeto de Minist\u00e9rio conforme acordado com o seu supervisor e os Facilitadores da Experi\u00eancia de Lideran\u00e7a do GCF. Este projeto relacionar\u00e1 intencionalmente o aprendizado da Experi\u00eancia de Lideran\u00e7a com o minist\u00e9rio no qual a pessoa est\u00e1 envolvida<\/li><\/ul>\t\t\t\t\t\t\t\t\t\t\t\t\t\n\t\t\t\t\t\t\t<h2>Meados de maio de 2027<\/h2>\n\t\t\t\t\t\t\t<h5>Gradua\u00e7\u00e3o on-line<\/h5><p>Os graduados recebem um Certificado de Experi\u00eancia em Lideran\u00e7a do GCF, endossado pela Universidade Presbiteriana da \u00c1frica Oriental (PUEA). Os certificados ser\u00e3o entregues em uma cerim\u00f4nia de formatura online que reunir\u00e1 participantes e facilitadores de todo o mundo.<\/p>","protected":false},"excerpt":{"rendered":"<p>Timetable 21st January 2026 Applications open for West Africa 2026 GCF Leadership Experience. 31st March 2026 Applications close.All applicants are notified if they are successful and further information about the Leadership Experience is sent. A non-refundable deposit of USD$500 is due by 1st June 2026. 30th April 2026 Final decisions on applications. Applicants are informed &#8230; <a title=\"Calend\u00e1rio\" class=\"read-more\" href=\"https:\/\/gcfleadership.org\/pt\/west-africa-2026\/timetable\/\" aria-label=\"Leia mais sobre Hor\u00e1rios\">Leia mais<\/a><\/p>","protected":false},"author":1,"featured_media":0,"parent":659,"menu_order":0,"comment_status":"closed","ping_status":"closed","template":"","meta":{"give_campaign_id":0,"_seopress_robots_primary_cat":"","_seopress_titles_title":"","_seopress_titles_desc":"","_seopress_robots_index":"","footnotes":""},"class_list":["post-679","page","type-page","status-publish"],"campaignId":"","_links":{"self":[{"href":"https:\/\/gcfleadership.org\/pt\/wp-json\/wp\/v2\/pages\/679","targetHints":{"allow":["GET"]}}],"collection":[{"href":"https:\/\/gcfleadership.org\/pt\/wp-json\/wp\/v2\/pages"}],"about":[{"href":"https:\/\/gcfleadership.org\/pt\/wp-json\/wp\/v2\/types\/page"}],"author":[{"embeddable":true,"href":"https:\/\/gcfleadership.org\/pt\/wp-json\/wp\/v2\/users\/1"}],"replies":[{"embeddable":true,"href":"https:\/\/gcfleadership.org\/pt\/wp-json\/wp\/v2\/comments?post=679"}],"version-history":[{"count":5,"href":"https:\/\/gcfleadership.org\/pt\/wp-json\/wp\/v2\/pages\/679\/revisions"}],"predecessor-version":[{"id":766,"href":"https:\/\/gcfleadership.org\/pt\/wp-json\/wp\/v2\/pages\/679\/revisions\/766"}],"up":[{"embeddable":true,"href":"https:\/\/gcfleadership.org\/pt\/wp-json\/wp\/v2\/pages\/659"}],"wp:attachment":[{"href":"https:\/\/gcfleadership.org\/pt\/wp-json\/wp\/v2\/media?parent=679"}],"curies":[{"name":"wp","href":"https:\/\/api.w.org\/{rel}","templated":true}]}}

Calendário

<h1>
			Calendário	</h1>
							<h2>21 de janeiro de 2026</h2>
							<p>Estão abertas as inscrições para o Programa de Experiência de Liderança do Fundo Verde para o Clima (GCF) na África Ocidental em 2026.</p>													
							<h2>31 de março de 2026</h2>
							<p>Applications close.All applicants are notified if they are successful and further information about the Leadership Experience is sent. A non-refundable deposit of USD$500 is due by 1st June 2026.</p>													
							<h2>30 de abril de 2026</h2>
							<p>Decisões finais sobre as candidaturas. Os candidatos são informados dos resultados.</p>													
							<h2>1 de junho de 2026</h2>
							<p>É efetuado um depósito não reembolsável de USD $500. Os mentores são contatados e iniciam essa jornada com os participantes.</p>													
							<h2>1º de julho de 2026</h2>
							<ul><li>Iniciam-se as pesquisas comunitárias e as tarefas pré-intensivas</li><li>Os supervisores são identificados e iniciam esta jornada com os participantes</li></ul>													
							<h2>13 de julho de 2026</h2>
							<p>Por favor, envie por e-mail uma cópia do seu comprovante de seguro viagem e seguro saúde para <a href="mailto:gcflewestafrica@gmail.com">gcflewestafrica@gmail.com</a> antes de sua viagem para a parte residencial do curso no Local Residencial Intensivo.</p>
							<h2>9 de agosto de 2026</h2>
							<p>O saldo de USD $1.600 está pendente de pagamento.</p>													
							<h2>9th August &#8211; 5th September 2026</h2>
							<p>Os participantes se reúnem no Togo para um retiro residencial intensivo de quatro semanas, onde aprenderão uns com os outros e com facilitadores especializados. O aprendizado será baseado na Bíblia, interativo e vivencial. Os elementos do retiro intensivo são:<ul><li>Fundamentos bíblicos: crianças, família e comunidade de fé na Grande História de Deus</li><li>O contexto em que as crianças vivem: as implicações para o ministério infantil das diversas subculturas nas quais a visão de mundo de uma criança é moldada</li><li>Formação de fé transformacional em crianças: levar esperança às crianças para que elas levem esperança às pessoas ao seu redor</li><li>Liderança piedosa: as qualidades e as habilidades de um líder do Reino no ministério infantil</li></ul>Os valores do GCF de serviço, generosidade, integridade e confiança serão os alicerces da comunidade GCF LE que será construída.</p>													
							<h2>7th October 2026 &#8211; 31st May 2027</h2>
							<ul><li>As sessões regulares de ensino do curso online continuam</li><li>As reuniões regulares com mentor e supervisor continuam</li><li>Grupos regulares da comunidade online continuam com discussões e tarefas de aprendizagem sobre tópicos do ministério infantil</li><li>Os participantes completam um Projeto de Ministério conforme acordado com o seu supervisor e os Facilitadores da Experiência de Liderança do GCF. Este projeto relacionará intencionalmente o aprendizado da Experiência de Liderança com o ministério no qual a pessoa está envolvida</li></ul>													
							<h2>Meados de maio de 2027</h2>
							<h5>Graduação on-line</h5><p>Os graduados recebem um Certificado de Experiência em Liderança do GCF, endossado pela Universidade Presbiteriana da África Oriental (PUEA). Os certificados serão entregues em uma cerimônia de formatura online que reunirá participantes e facilitadores de todo o mundo.</p>

<p>Timetable 21st January 2026 Applications open for West Africa 2026 GCF Leadership Experience. 31st March 2026 Applications close.All applicants are notified if they are successful and further information about the Leadership Experience is sent. A non-refundable deposit of USD$500 is due by 1st June 2026. 30th April 2026 Final decisions on applications. Applicants are informed &#8230; <a title="Calendário" class="read-more" href="https://gcfleadership.org/pt/west-africa-2026/timetable/" aria-label="Leia mais sobre Horários">Leia mais</a></p>
